 of 8980?
8
What is the units digit of 3603?
3
What is the ten thousands digit of 38263?
3
What is the hundreds digit of 6445?
4
What is the tens digit of 787?
8
What is the thousands digit of 34705?
4
What is the hundreds digit of 41425?
4
What is the units digit of 3249?
9
What is the tens digit of 892?
9
What is the hundreds digit of 1454?
4
What is the units digit of 8732?
2
What is the tens digit of 4452?
5
What is the ten thousands digit of 13969?
1
What is the units digit of 7683?
3
What is the hundreds digit of 75360?
3
What is the ten thousands digit of 61970?
6
What is the units digit of 1600?
0
What is the ten thousands digit of 10385?
1
What is the units digit of 725?
5
What is the units digit of 709?
9
What is the units digit of 9562?
2
What is the tens digit of 1494?
9
What is the units digit of 402?
2
What is the thousands digit of 2085?
2
What is the thousands digit of 1050?
1
What is the ten thousands digit of 111666?
1
What is the ten thousands digit of 130447?
3
What is the thousands digit of 1017?
1
What is the tens digit of 2935?
3
What is the units digit of 43786?
6
What is the thousands digit of 88133?
8
What is the hundreds digit of 1114?
1
What is the units digit of 757?
7
What is the hundreds digit of 747?
7
What is the tens digit of 30908?
0
What is the tens digit of 5176?
7
What is the thousands digit of 2733?
2
What is the thousands digit of 6196?
6
What is the ten thousands digit of 38564?
3
What is the thousands digit of 49730?
9
What is the ten thousands digit of 20061?
2
What is the units digit of 10504?
4
What is the thousands digit of 4143?
4
What is the ten thousands digit of 10596?
1
What is the tens digit of 370?
7
What is the units digit of 7649?
9
What is the thousands digit of 31741?
1
What is the thousands digit of 2096?
2
What is the thousands digit of 3856?
3
What is the hundreds digit of 664?
6
What is the hundreds digit of 1372?
3
What is the ten thousands digit of 151020?
5
What is the hundreds digit of 1080?
0
What is the units digit of 4685?
5
What is the ten thousands digit of 11485?
1
What is the tens digit of 92013?
1
What is the hundreds digit of 28056?
0
What is the hundreds digit of 5888?
8
What is the hundreds digit of 45581?
5
What is the units digit of 11?
1
What is the tens digit of 20182?
8
What is the tens digit of 23657?
5
What is the tens digit of 5127?
2
What is the tens digit of 1726?
2
What is the hundreds digit of 5365?
3
What is the tens digit of 43914?
1
What is the ten thousands digit of 67036?
6
What is the hundreds digit of 3246?
2
What is the hundreds digit of 42466?
4
What is the hundreds digit of 1402?
4
What is the hundreds digit of 6364?
3
What is the tens digit of 19304?
0
What is the tens digit of 980?
8
What is the hundreds digit of 1475?
4
What is the hundreds digit of 45225?
2
What is the units digit of 17577?
7
What is the ten thousands digit of 13151?
1
What is the hundreds digit of 3152?
1
What is the tens digit of 1633?
3
What is the tens digit of 7988?
8
What is the tens digit of 186?
8
What is the units digit of 10269?
9
What is the ten thousands digit of 76830?
7
What is the ten thousands digit of 24915?
2
What is the tens digit of 716?
1
What is the hundreds digit of 720?
7
What is the hundreds digit of 55969?
9
What is the hundreds digit of 2381?
3
What is the units digit of 93321?
1
What is the units digit of 514?
4
What is the tens digit of 739?
3
What is the ten thousands digit of 73892?
7
What is the tens digit of 35195?
9
What is the hundreds digit of 4394?
3
What is the thousands digit of 74882?
4
What is the tens digit of 5731?
3
What is the units digit of 776?
6
What is the hundreds digit of 11121?
1
What is the thousands digit of 3017?
3
What is the thousands digit of 24357?
4
What is the thousands digit of 1273?
1
What is the hundreds digit of 14424?
4
What is the tens digit of 741?
4
What is the units digit of 2129?
9
What is the tens digit of 4347?
4
What is the hundreds digit of 1055?
0
What is the units digit of 195?
5
What is the tens digit of 7030?
3
What is the thousands digit of 1235?
1
What is the thousands digit of 8733?
8
What is the hundreds digit of 2043?
0
What is the ten thousands digit of 11573?
1
What is the tens digit of 129?
2
What is the hundreds digit of 1306?
3
What is the tens digit of 1149?
4
What is the hundreds digit of 37370?
3
What is the hundreds digit of 193?
1
What is the thousands digit of 1138?
1
What is the thousands digit of 10466?
0
What is the units digit of 43?
3
What is the tens digit of 1861?
6
What is the tens digit of 39203?
0
What is the tens digit of 145294?
9
What is the units digit of 42125?
5
What is the thousands digit of 9956?
9
What is the hundreds digit of 4944?
9
What is the tens digit of 44?
4
What is the units digit of 297?
7
What is the hundreds digit of 9432?
4
What is the tens digit of 424?
2
What is the tens digit of 1240?
4
What is the thousands digit of 7626?
7
What is the thousands digit of 25831?
5
What is the hundreds digit of 25287?
2
What is the ten thousands digit of 137125?
3
What is the tens digit of 100089?
8
What is the ten thousands digit of 24088?
2
What is the ten thousands digit of 15007?
1
What is the hundreds digit of 220?
2
What is the thousands digit of 2307?
2
What is the units digit of 2491?
1
What is the units digit of 278?
8
What is the thousands digit of 2355?
2
What is the tens digit of 21055?
5
What is the tens digit of 8277?
7
What is the units digit of 21493?
3
What is the tens digit of 14819?
1
What is the thousands digit of 137647?
7
What is the hundreds digit of 744?
7
What is the hundreds digit of 11211?
2
What is the units digit of 8445?
5
What is the tens digit of 1079?
7
What is the tens digit of 24392?
9
What is the thousands digit of 4484?
4
What is the hundreds digit of 3260?
2
What is the hundred thousands digit of 110483?
1
What is the tens digit of 1117?
1
What is the units digit of 1299?
9
What is the hundreds digit of 39734?
7
What is the tens digit of 48534?
3
What is the thousands digit of 1644?
1
What is the units digit of 40909?
9
What is the thousands digit of 26259?
6
What is the ten thousands digit of 11000?
1
What is the thousands digit of 5971?
5
What is the units digit of 964?
4
What is the ten thousands digit of 14874?
1
What is the units digit of 9143?
3
What is the units digit of 11457?
7
What is the hundreds digit of 970?
9
What is the tens digit of 453?
5
What is the thousands digit of 5242?
5
What is the units digit of 2788?
8
What is the thousands digit of 4206?
4
What is the hundreds digit of 1095?
0
What is the tens digit of 1287?
8
What is the tens digit of 8307?
0
What is the units digit of 1065?
5
What is the ten thousands digit of 13918?
1
What is the units digit of 1493?
3
What is the hundreds digit of 4254?
2
What is the hundreds digit of 22098?
0
What is the hundreds digit of 858?
8
What is the units digit of 916?
6
What is the tens digit of 49?
4
What is the hundreds digit of 144250?
2
What is the tens digit of 74248?
4
What is the hundreds digit of 37397?
3
What is the units digit of 9566?
6
What is the thousands digit of 45705?
5
What is the thousands digit of 1276?
1
What is the tens digit of 872?
7
What is the tens digit of 3739?
3
What is the thousands digit of 14888?
4
What is the tens digit of 53?
5
What is the ten thousands digit of 15411?
1
What is the tens digit of 10390?
9
What is the hundreds digit of 99764?
7
What is the hundreds digit of 3141?
1
What is the thousands digit of 86569?
6
What is the hundreds digit of 199?
1
What is the units digit of 55?
5
What is the thousands digit of 35496?
5
What is the ten thousands digit of 22551?
2
What is the thousands digit of 13933?
3
What is the units digit of 7329?
9
What is the units digit of 11183?
3
What is the hundreds digit of 768?
7
What is the hundreds digit of 5548?
5
What is the thousands digit of 2781?
2
What is the tens digit of 112?
1
What is the tens digit of 27381?
8
What is the ten thousands digit of 11286?
1
What is the hundreds digit of 41158?
1
What is the units digit of 6959?
9
What is the thousands digit of 4769?
4
What is the hundreds digit of 37119?
1
What is the ten thousands digit of 21863?
2
What is the units digit of 1398?
8
What i